 b(m) = 21*m**2. Let y be b(-1). Let v = 33 - y. Let d = -40 + 74. What is the remainder when d is divided by v?
10
Calculate the remainder when 13 is divided by 74/10 - 6/15.
6
Let p(o) = o**3 - 2*o**2 - 3*o + 3. Suppose t - 2*t + 3 = 0. What is the remainder when 3 is divided by p(t)?
0
Let h(q) = -q**3 - 8*q**2 - 8*q + 7. Let n be h(-7). Suppose 2*a + 10 = 0, -2*s + 2*a = -n - 16. Calculate the remainder when 19 is divided by s.
9
Let g(i) = 3*i - 3. Calculate the remainder when (-62)/(-6) + (-2)/6 is divided by g(2).
1
Suppose -39 - 51 = -9*s. Suppose -2*d - 18 = -3*d. Calculate the remainder when d is divided by s.
8
Let w(n) = 2*n**2 + 5*n + 2. Let v be w(-6). Suppose -v = -4*g - 0. Calculate the remainder when g is divided by (-2)/(-8) - (-23)/4.
5
Suppose 0 = i - 5*c + 16, 3*i - 20 = 3*c - 8. Let n(b) = b**2 - 3*b - 6. Calculate the remainder when n(-4) is divided by i.
4
Suppose 2*o - 50 = 3*u, u = 3*o + 2*u - 86. Calculate the remainder when 83 is divided by o.
27
Let m = -2 + 4. Suppose m*s - 25 = 7*s. Calculate the remainder when 17 is divided by (36/(-10))/(2/s).
8
Let m(s) = 7*s - 10. What is the remainder when m(7) is divided by 21?
18
Suppose -m = 5*v + 10, 3*m - 2*v = -0*m + 38. What is the remainder when 14/m + (-6)/(-10) is divided by 2?
0
Let s = 15 - 12. Suppose s + 14 = g. Calculate the remainder when 33 is divided by g.
16
Suppose 2*h = h + 13. Calculate the remainder when 36 is divided by h.
10
What is the remainder when -19 + 17 - (-113 + 0/(-2)) is divided by 28?
27
Let p = -4 + -39. Calculate the remainder when 0 + 1 - p/1 is divided by 3 - (-7)/((-14)/(-24)).
14
Suppose -24 = -4*q - 0*q. Suppose 4*u - 22 = 2*h, 2*u + 2 = q*u + 2*h. Calculate the remainder when 7 is divided by u.
1
Let l(r) = 10*r - 8. Suppose 5*v - 8 - 82 = 0. What is the remainder when l(6) is divided by v?
16
Suppose -4*n + 93 = -3. What is the remainder when 94 is divided by n?
22
Suppose -4*u + 37 = -n, -13 = -3*u + 2*n + 16. What is the remainder when ((-24)/(-9))/(-4)*-3 - -15 is divided by u?
8
Let z = -16 - -35. Calculate the remainder when z is divided by 5.
4
Let f(y) = -5*y + 7. What is the remainder when 40 is divided by f(-3)?
18
What is the remainder when 28 is divided by 3705/273 + (8/(-14) - -1)?
0
Let y(j) = j**2 - 7*j - 10. Let s be y(7). Let b be 3*-34*5/s. Let i = b - 11. Calculate the remainder when i is divided by 14.
12
Suppose 2*w - 340 = -3*w. Let v = w - 42. Calculate the remainder when v is divided by 14.
12
Let g be 44/12 + 2/(-3). Suppose -119 = -g*m - j, m + 2*j - 18 = 20. Calculate the remainder when m is divided by 14.
12
Suppose x = 3*x, 2*w - 72 = -5*x. Suppose -w - 11 = -y. What is the remainder when y is divided by 25?
22
Suppose 3*i = -f + 1, 5*i + 0*i - 1 = -2*f. Let n be ((-3)/(6/(-8)))/2. Suppose -3 = n*v - 5. Calculate the remainder when i is divided by v.
0
Suppose s = -0*s + 5. Let l be ((-16)/6)/(2/(-3)). Suppose n - 8 = -3*b, -l*n + 2 = -3*b - 0. Calculate the remainder when s is divided by n.
1
What is the remainder when 1078/10 - (-1 - (-12)/15) is divided by 37?
34
Let x = -2 + 4. Suppose t = x*y + 5*t - 2, 0 = -t. Calculate the remainder when (-21)/(-6)*(1 + y) is divided by 3.
1
Let s = 54 + -38. Calculate the remainder when 28 is divided by s.
12
Let o = -3 + 2. Calculate the remainder when 20 + o*3/(-3) is divided by 12.
9
Let q(m) = m**2 + 2. Let r be q(0). Suppose -r*b = -8 - 8. What is the remainder when (-4)/((6/7)/(-3)) is divided by b?
6
Let i(s) = s**3 + 6*s**2 - 10*s - 3. Let u be i(-7). Let c = u - 4. What is the remainder when 26 is divided by c?
12
Suppose -4*x = -3*y + 9, x = -2*x. What is the remainder when 6 is divided by y?
0
Let n(d) = -d**3 + 24*d**2 + 2*d - 12. Calculate the remainder when n(24) is divided by 19.
17
Let i be (-2)/4*(7 - 7). Let j = 3 - 2. Suppose i = -2*q + 3 + j. Calculate the remainder when 5 is divided by q.
1
Let q be 1*3 - 10/(-5). Suppose 5*m + c - 292 = 0, -q*c + 297 = 5*m - 3. What is the remainder when m is divided by 20?
18
Let c = 12 + 0. What is the remainder when 71 is divided by c?
11
Let b = -20 - -42. What is the remainder when 65 is divided by b?
21
Suppose -4*n + 3*t = -36, 0 = -0*n - 2*n - 4*t + 18. What is the remainder when 21 is divided by n?
3
Let z(w) = w**2 + 4*w - 6. Let l be z(-5). Let u = 2 + -31. What is the remainder when (l - 0)*u - -1 is divided by 16?
14
Suppose 4*q + 11 = 59. Suppose 5*f + h - 12 = 163, -h + 73 = 2*f. What is the remainder when f is divided by q?
10
Let b be (-8)/10*(-10)/4. Suppose -b*y + 18 + 12 = 0. What is the remainder when y is divided by 8?
7
Suppose 3*u - 5*t = 74, 2*t = -2*u + 5*u - 80. What is the remainder when 60 is divided by u?
4
Let r(w) = 2*w + 7. What is the remainder when r(6) is divided by 2 + -1 + 40/4?
8
Suppose -y = -z + 2, 2*z + 6 = -y - 2*y. Let v = 23 - y. What is the remainder when v is divided by 14?
11
Calculate the remainder when 114 is divided by 4/(-16)*58*-2.
27
Let f(t) = 12*t**3 - 1. Let d be ((-2)/(-4))/(2/4). Suppose 5*r - 160 = -5. What is the remainder when r is divided by f(d)?
9
Suppose -2*c = -5*w - 7*c + 600, -5*c = -4*w + 444. What is the remainder when 35 is divided by w/10 - 2/(-5)?
11
Let u = -15 - -24. Calculate the remainder when 33 is divided by u.
6
Let d = 10 + 2. Let t(f) = -13 + 6*f**2 + 13 + f. Calculate the remainder when t(-2) is divided by d.
10
Let f(q) be the first derivative of -q**4/4 + q**3 + q**2/2 - 2. Let b be f(3). Suppose -2*o - b*o + 30 = 0. What is the remainder when 16 is divided by o?
4
Let w = 43 - 33. What is the remainder when 18 is divided by w?
8
Let r(a) = a**2 - 5*a + 23. Calculate the remainder when 115 is divided by r(6).
28
Suppose -c + 0*c + 4 = 0. Suppose -4*n - c - 28 = 0. Let i = 39 + n. What is the remainder when i is divided by 11?
9
Let f(i) = -i**3 + 7*i**2 - 6*i + 2. Let o(x) be the first derivative of x**2/2 - x - 2. Let z be o(5). Calculate the remainder when f(z) is divided by 14.
12
Suppose 3 = 5*a - 17. Suppose 0 = s + a*q - 21, -4*q - 9 = 3*s - 40. Suppose 0 = s*n - n - 20. Calculate the remainder when n is divided by 3.
2
Suppose -2*f + 6 = -4. Suppose -f*k + 9 = -6. Calculate the remainder when 7 is divided by k.
1
Let m(v) = v**2 - 4*v - 3. Let g(q) = q**3 + 4*q**2 - 5*q + 5. Let k be g(-5). Let o be m(k). What is the remainder when 3 - (-11)/o*2 is divided by 4?
2
Let x = -4 + 6. Suppose -x*q - 6 = 0, -11 = -4*z + 3*q + 42. What is the remainder when z is divided by 7?
4
Let x = 25 + -21. Calculate the remainder when x is divided by 2.
0
Let o be (0 + -1)*-1 + -31. Let p = 126 - 52. Let w = p + o. What is the remainder when w is divided by 23?
21
Suppose -d - 4 + 9 = 0. Calculate the remainder when 17 is divided by d.
2
Let l(m) = -m**2 - 8*m - 10. What is the remainder when 53 is divided by l(-4)?
5
Suppose -n - 15 = -4*n, 0 = 4*c + 3*n - 71. What is the remainder when (9/6)/(1/c) is divided by 11?
10
Let i = -29 + 38. Let y = -40 + 66. Calculate the remainder when y is divided by i.
8
Suppose 519 = 2*p - 3*t, p - 4*t - 262 = -2*t. Suppose 12 = -5*y + p. Suppose 0 = -h - 2*h + y. Calculate the remainder when h is divided by 6.
4
Suppose 5*k = 3*y + 17, y - 3*k = -0*k - 11. Let i be y + -3 + (21 - 2). Suppose i = 5*m - 4*m. What is the remainder when m is divided by 10?
7
Suppose 5*v = 2*b + 74, -3*v - 2*v - 2*b = -66. What is the remainder when v is divided by 7?
0
Let d = 3 - 7. Calculate the remainder when 44 is divided by ((-36)/2)/(6/d).
8
Suppose 2*z = 5*z - 42. What is the remainder when 26 is divided by z?
12
Let m(w) = 3*w - 6. Let z(f) = f - 6. Let v be z(10). Let u be m(v). What is the remainder when 3 is divided by (3/u - 0)*4?
1
Calculate the remainder when 11 is divided by (7/((-112)/(-36)))/(6/16).
5
Suppose 5*m + 22 - 112 = -3*b, 5*b = 2*m - 36. What is the remainder when 34 is divided by m?
16
Let y = 52 - 24. Let g be (-8)/4*(-10)/4. Suppose g*d - d = y. What is the remainder when 18 is divided by d?
4
Suppose -19 = -2*a - 7. Suppose -c + 7 = -8. What is the remainder when c is divided by a?
3
Let t(c) = 2*c**2 - 3*c. What is the remainder when 35 is divided by t(3)?
8
Let k(w) = w**3 - 8*w**2. Let v be ((-6)/15)/((-1)/20). Let q be k(v). Suppose q = 4*p - 8. What is the remainder when 4 is di